he prime factors of v?
3, 31
Suppose 88 = 9*y - 119. Suppose k + 5*d = 24, 4 = 4*k - 3*d - y. What are the prime factors of k?
3
Let i = 115 - -72. List the prime factors of i.
11, 17
Let s = -16 - -16. Suppose -4*t + s*t = -12. Suppose -1 = -t*l + 5. List the prime factors of l.
2
Suppose -3*r + 6 = 3. What are the prime factors of (r - (1 + -23))/1?
23
Let d = 689 - 451. What are the prime factors of d?
2, 7, 17
Let a(f) = -18*f**3 + 5*f**2 + 7*f + 9. List the prime factors of a(-4).
1213
Let q = 9 - 9. Suppose -3*t + 0*t + 3*i + 90 = q, -4*i + 128 = 4*t. List the prime factors of t.
31
Suppose -b - 1 = -2*o + 7, o - b - 5 = 0. What are the prime factors of (-78)/3*(-9 + o)?
2, 3, 13
Suppose -6*c = l - 7*c - 1955, -2*c = -8. List the prime factors of l.
3, 653
Let y(g) = g**2 - 9*g + 23. Let n be (-6)/(-57) + (-264)/(-19). List the prime factors of y(n).
3, 31
Suppose -3*g - 3*t = -3, g + 2*g + t = 5. Suppose -g*i + 35 = 3*i. Suppose 0 = i*d - 8*d + 20. What are the prime factors of d?
2, 5
Let x(p) = p**3 + 6*p**2 + 9*p + 3. Let j be x(-5). Let s(d) = -8 + d**2 + 18 + 18*d + 15. What are the prime factors of s(j)?
2
Let m be -5*3*(-8)/(-20). Let o be m/9 - 42/18. List the prime factors of (o/(-9))/((-3)/(-36)).
2
Let i = -19 - -14. Let f = i + 0. What are the prime factors of (-161)/f + 4/5?
3, 11
Let o = 7368 - 3975. List the prime factors of o.
3, 13, 29
Suppose -955 = 3*x - 2596. What are the prime factors of x?
547
Let g(h) = -131*h - 4. Let i(c) = -132*c - 3. Let j(v) = -5*g(v) + 6*i(v). What are the prime factors of j(-1)?
139
What are the prime factors of (3504/15)/((-18)/(-45))?
2, 73
Let l be 1 + 2 - (-12 - -13). Suppose k = 3*k + 4, -4 = -4*x - l*k. List the prime factors of 4*20/(x/1).
2, 5
Suppose 24 = -3*f + 6*f. Suppose -11*t + 60 = -f*t. What are the prime factors of t?
2, 5
Let a(p) = -383 + 3*p + 395 - 4*p. Let j = 21 + -14. List the prime factors of a(j).
5
Suppose -3*z - i + 15 = i, 3*i + 20 = 4*z. Suppose -5*v = 5*a - 20, 4*v = -0*v + 3*a - z. What are the prime factors of (22/(-6))/(v/(-3))?
11
Suppose 5*x - 2*q - 2*q = 25, 0 = -x + 3*q + 5. What are the prime factors of 632/x - (-20)/(-50)?
2, 3, 7
Let j(c) = 22 + 18 - 10*c - 39. List the prime factors of j(-6).
61
Let b = 52 - -3184. List the prime factors of b.
2, 809
Suppose -27 = -4*n + n. Let h = n + -6. Let a = 13 - h. List the prime factors of a.
2, 5
Let x(n) = 4*n**3 + 2*n + 4. Let l be x(3). Suppose -b + l + 22 = 0. List the prime factors of b.
2, 5, 7
Suppose -2*k + 1025 = v, 13*v - 517 = -k + 11*v. What are the prime factors of k?
7, 73
Let r be ((-3)/(-6))/((-1)/(-6)). Suppose -4*a + 25 = -5*n, 2*a + r*a = 3*n + 41. Suppose 3*q = g + 74, 3*q = 4*g + a + 79. What are the prime factors of q?
23
Let r be 2/2*(-1 - -10). Let x = r + -10. List the prime factors of 16 + (12/(-4) - x).
2, 7
Suppose -2*c + 0*c = -8. Suppose -3*p - 18 = -c*p. What are the prime factors of (-64)/(-3)*27/p?
2
Let y(p) = p**3 + 8*p**2 + p + 12. Let w be y(-8). Suppose -w*h - m = -0*m - 267, -2 = 2*m. What are the prime factors of h?
67
Let m(a) = -a**3 - 17*a**2 - 13*a - 19. What are the prime factors of m(-17)?
2, 101
Suppose -12850 = -5*k - 20*k. List the prime factors of k.
2, 257
Suppose 1195 = 5*l + 3*k, 2*l - 2*k - 335 = 159. Suppose -4*w = n - 193, -2*n + l = 4*w + w. What are the prime factors of w?
2, 3
Let y = -181 - -1120. What are the prime factors of y?
3, 313
Let a(r) = -r**3 + 5*r**2 + r - 4. Let z be a(5). Let b be (-2)/z*(-10 + 5). Let k = 9 + b. What are the prime factors of k?
19
Suppose 0 = 8*b - 2940 - 3644. What are the prime factors of b?
823
Let w(a) = a**3 + a. Let r be w(-2). Let t(z) = z**2 + 10*z + 1. Let x be t(-9). What are the prime factors of 14*2/(x/r)?
5, 7
Let v(n) = -3*n + 76. Let g = -29 - -29. List the prime factors of v(g).
2, 19
Let g = -128 - -37. Let q = 191 + g. List the prime factors of q.
2, 5
Let b = -54 - -58. Suppose 5*w = 5, 4*k + b*w - 202 = 70. What are the prime factors of k?
67
Suppose 17*s = 3983 - 617. List the prime factors of s.
2, 3, 11
Let j = -11 + -3. List the prime factors of -70*(3 - (-66)/j).
2, 3, 5
Suppose -79*m + 72*m + 2471 = 0. List the prime factors of m.
353
Let z = -115 + 66. Let d = 22 - z. What are the prime factors of d?
71
Suppose 475 = -0*r - 3*r + 4*y, 0 = -4*r + 3*y - 645. Let z = -96 - r. List the prime factors of z.
3, 23
Suppose 5*s - 235 = 325. Let t = s + -33. What are the prime factors of t?
79
Let s(g) = -34*g - 121. What are the prime factors of s(-19)?
3, 5, 7
Let v(m) = 2*m**2 - 3*m - 13. Let w be (-3 + 4 - 2) + -5. What are the prime factors of v(w)?
7, 11
Suppose 2*m = 4*m + 5*p - 1, 3*m - 3*p = 12. Suppose -3*z = -12, 2*z - 141 - 191 = -m*i. List the prime factors of i.
2, 3
Suppose -4*r = 209 - 2285. What are the prime factors of r?
3, 173
Let p be (150/(-12) + 8)*4/(-6). Let u = 25 - 7. List the prime factors of p*(-3)/u*-12.
2, 3
Suppose -1540 = 17*m - 7*m. Let h = m - -237. List the prime factors of h.
83
Suppose v - 1 = -3, 2*v = -y - 13. Let b = 14 + y. Suppose -j + 34 = b*m, 2*j - m - 58 = -6*m. List the prime factors of j.
2, 3
Let v be (-56 + 10)*(-3)/(-2). Let g = 111 + v. What are the prime factors of (g/(-5))/(12/(-40))?
2, 7
Let q be (-4)/6*(-3)/1. Suppose 0 = -4*o - o - 3*v + 3, q = 2*o + 2*v. Suppose o = 4*k - 4*a - 112, -2*k - a - a = -36. What are the prime factors of k?
23
Let b = -576 - -1019. List the prime factors of b.
443
Suppose 23 - 62 = 3*p - 5*g, 7 = -2*p - 3*g. Let u(a) = a**3 + 6*a**2 - 18*a + 11. What are the prime factors of u(p)?
3
Let w(i) = 105*i**2 + 9*i - 9. What are the prime factors of w(-7)?
3, 19, 89
Let b(o) = -o**2 - o + 5. Let m be b(0). Suppose 0*t + m*t = 400. What are the prime factors of ((-3)/(-6))/(4/t)?
2, 5
Let m = -4874 + 8045. List the prime factors of m.
3, 7, 151
Let t(m) = 9*m - 9. Let v = -21 + 25. What are the prime factors of t(v)?
3
Let i be (-799)/153 + 4/18. What are the prime factors of -1 + 2 + i - (-200 - 1)?
197
Let w(b) = b**2 + 6*b - 2. Let k be w(-7). Suppose 3*a - 1 = -4*m + 10, -k*a = -3*m + 1. List the prime factors of (m - 9/1)*-1.
7
Suppose 2*f + 112 = 1950. What are the prime factors of f?
919
Let h(s) be the second derivative of 5*s**3/2 + 5*s**2/2 - 10*s. Let d be 1/4 + 75/20. List the prime factors of h(d).
5, 13
List the prime factors of 7 - 5/(13468/(-4487) + 3).
2, 11, 73
Let s(m) = -m**2 - 3*m - 17. Let l be s(-13). Let x = l + 215. What are the prime factors of x?
2, 17
List the prime factors of (-8)/(-28) - 3911/(-7).
13, 43
Let d(j) = -j + 21. Let i(t) = -2*t - 15. Let h be i(-12). What are the prime factors of d(h)?
2, 3
Suppose -10*u + 12 = -6*u. Let o(g) = 1 - g + 0 + u*g. What are the prime factors of o(6)?
13
Let a(x) = x - 1. Let n(d) = 5*d**2 + 4*d - 1. Let i(w) = -14*a(w) + 2*n(w). List the prime factors of i(3).
2, 3, 7
Let w(n) = -n**3 + 7*n**2 - 10*n + 5. Let u be w(4). Let h = u - -13. What are the prime factors of h?
2, 13
Let u(p) = -4*p + 14. Let h = 25 - 31. What are the prime factors of u(h)?
2, 19
Suppose -4*u - 134 + 630 = 0. List the prime factors of u.
2, 31
List the prime factors of ((-1379)/(-7) - (-3)/(-1)) + -4.
2, 5, 19
Let g(z) be the third derivative of z**4/3 - 10*z**3/3 - 8*z**2. List the prime factors of g(4).
2, 3
Let v(c) = 8*c + 836. Let w be v(0). Suppose -7*k - 4*k = -w. What are the prime factors of k?
2, 19
Let a(i) = i**3 - 14*i**2 - 81. List the prime factors of a(17).
2, 3, 131
Let k(a) = a**3 + 25*a**2 - 42*a + 100. List the prime factors of k(-25).
2, 5, 23
Let k = -8 - 9. Let v = k + 41. What are the prime factors of v?
2, 3
Let l(u) = -37*u + 24. Let g be l(16). List the prime factors of g/(-4)*1/2.
71
Suppose 3*s - 2*s = -2*g + 487, 3*g = 4*s - 1981. What are the prime factors of s?
17, 29
Let u(p) be the first derivative of 2*p**3/3 + 3*p**2/2 + 10*p - 18. What are the prime factors of u(-8)?
2, 3, 19
Let h = 19 + -4. Let n = -22 + h. List the prime factors of (-5)/(1/n + 0).
5, 7
Let c(t) = 344*t**2 - 4*t - 4. What are the prime factors of c(-1)?
2, 43
Let v be (-2)/((-7)/(2331/2)). Let b be v/3*3/9. Let i = b - 13. What are the prime factors of i?
2, 3
What are the prime factors of 0 - 14404/(-14) - 118/(-826)?
3, 7
Let b(x) = 60*x**2 - 2*x - 26. Let y be b(